1131
What is 7 (base 13) in base 10?
7
What is 7 (base 8) in base 14?
7
What is -227 (base 9) in base 7?
-355
Convert -14 (base 5) to base 16.
-9
-7 (base 15) to base 2
-111
Convert -122 (base 12) to base 11.
-145
Convert -151 (base 7) to base 12.
-71
-32 (base 4) to base 3
-112
What is -140 (base 11) in base 4?
-2211
Convert -4 (base 11) to base 10.
-4
Convert 1 (base 15) to base 6.
1
Convert 21 (base 3) to base 4.
13
What is 30 (base 11) in base 5?
113
What is -7 (base 14) in base 13?
-7
111001 (base 3) to base 12
254
What is 0 (base 10) in base 15?
0
Convert -1 (base 3) to base 11.
-1
Convert -4 (base 11) to base 7.
-4
Convert -21200 (base 3) to base 15.
-dc
What is 20 (base 10) in base 14?
16
-9 (base 15) to base 3
-100
-1 (base 9) to base 16
-1
Convert -202 (base 3) to base 15.
-15
Convert -1 (base 6) to base 10.
-1
Convert 101111 (base 2) to base 10.
47
Convert -215 (base 9) to base 16.
-b0
What is -7 (base 14) in base 8?
-7
-289 (base 12) to base 8
-611
What is -2 (base 12) in base 10?
-2
What is 13 (base 12) in base 10?
15
153 (base 7) to base 2
1010111
Convert 19 (base 12) to base 14.
17
Convert 2b (base 14) to base 5.
124
1 (base 8) to base 12
1
Convert -4 (base 14) to base 13.
-4
What is 121 (base 5) in base 2?
100100
What is 1 (base 2) in base 6?
1
3 (base 8) to base 14
3
-41 (base 5) to base 7
-30
Convert -1100 (base 3) to base 10.
-36
Convert -17 (base 9) to base 6.
-24
Convert 616 (base 8) to base 13.
248
1020 (base 3) to base 6
53
Convert 22b (base 12) to base 13.
1bb
What is -10 (base 5) in base 12?
-5
What is -13 (base 16) in base 7?
-25
0 (base 10) to base 5
0
26 (base 8) to base 10
22
What is 6 (base 10) in base 13?
6
What is 263 (base 11) in base 10?
311
What is -10 (base 10) in base 12?
-a
Convert 4 (base 7) to base 16.
4
What is 10 (base 9) in base 7?
12
What is 5 (base 10) in base 12?
5
What is 10 (base 5) in base 3?
12
Convert -4 (base 15) to base 9.
-4
Convert 0 (base 7) to base 12.
0
What is 164 (base 13) in base 10?
251
Convert 321 (base 4) to base 12.
49
Convert -5 (base 7) to base 4.
-11
What is 0 (base 14) in base 8?
0
-1 (base 14) to base 9
-1
-10 (base 3) to base 6
-3
Convert -304 (base 5) to base 13.
-61
-6 (base 15) to base 12
-6
What is -54 (base 6) in base 9?
-37
What is 1 (base 10) in base 3?
1
Convert -4 (base 16) to base 14.
-4
7 (base 13) to base 7
10
-a3 (base 11) to base 10
-113
11 (base 15) to base 12
14
11 (base 12) to base 8
15
Convert -5 (base 9) to base 15.
-5
What is 10 (base 8) in base 3?
22
-2122 (base 3) to base 12
-5b
Convert -1 (base 16) to base 8.
-1
Convert 3 (base 7) to base 4.
3
What is -64 (base 10) in base 2?
-1000000
Convert -2 (base 7) to base 10.
-2
Convert -b (base 13) to base 14.
-b
19 (base 11) to base 5
40
Convert -24 (base 7) to base 10.
-18
What is -110 (base 6) in base 4?
-222
Convert 10 (base 2) to base 9.
2
What is -3100 (base 4) in base 6?
-544
Convert 10 (base 14) to base 11.
13
Convert 167 (base 11) to base 5.
1234
Convert 220 (base 4) to base 8.
50
Convert -1 (base 13) to base 8.
-1
0 (base 14) to base 5
0
What is -4 (base 11) in base 12?
-4
Convert 24 (base 15) to base 2.
100010
What is -4 (base 6) in base 9?
-4
What is 0 (base 16) in base 11?
0
Convert -7 (base 16) to base 12.
-7
173 (base 9) to base 7
300
3 (base 12) to base 7
3
Convert 43 (base 14) to base 15.
3e
3 (base 12) to base 11
3
What is -303 (base 6) in base 7?
-216
Convert 0 (base 9) to base 4.
0
Convert -126 (base 14) to base 10.
-230
What is -14 (base 11) in base 12?
-13
What is 91 (base 11) in base 5?
400
Convert 116 (base 7) to base 4.
332
What is 1 (base 14) in base 8?
1
What is 12 (base 12) in base 16?
e
What is 1 (base 3) in base 8?
1
303 (base 8) to base 2
11000011
-1 (base 2) to base 15
-1
0 (base 16) to base 7
0
Convert -7 (base 8) to base 5.
-12
Convert -52 (base 8) to base 11.
-39
-1120 (base 4) to base 5
-323
-21 (base 5) to base 12
-b
Convert 10 (base 9) to base 3.
100
What is -3 (base 7) in base 16?
-3
What is 32 (base 5) in base 13?
14
2 (base 12) to base 14
2
What is -6 (base 7) in base 15?
-6
0 (base 5) to base 11
0
Convert 203 (base 5) to base 8.
65
What is -1 (base 4) in base 5?
-1
What is 41 (base 6) in base 16?
19
Convert -2 (base 6) to base 2.
-10
What is 102 (base 8) in base 3?
2110
What is -111 (base 5) in base 8?
-37
What is -17 (base 9) in base 6?
-24
What is 1 (base 15) in base 2?
1
10 (base 11) to base 7
14
What is -51 (base 10) in base 12?
-43
Convert 300 (base 8) to base 10.
192
What is -78 (base 10) in base 15?
-53
What is -6 (base 16) in base 7?
-6
Convert 11 (base 13) to base 15.
e
Convert 319 (base 11) to base 12.
27b
What is -33 (base 15) in base 14?
-36
What is -26 (base 10) in base 8?
-32
What is 34 (base 16) in base 4?
310
What is 8 (base 10) in base 9?
8
116 (base 7) to base 15
42
Convert -342 (base 9) to base 15.
-13b
-64 (base 8) to base 3
-1221
-e0 (base 15) to base 5
-1320
6 (base 9) to base 4
12
Convert 240 (base 9) to base 13.
123
What is -237 (base 11) in base 14?
-162
Convert -3 (base 6) to base 2.
-11
What is 21122 (base 3) in base 14?
10a
Convert 5 (base 6) to base 13.
5
What is b (base 14) in base 12?
b
-10210 (base 3) to base 13
-7b
What is -d (base 15) in base 14?
-d
What is 103 (base 4) in base 15?
14
Convert 4 (base 15) to base 12.
4
What is -4 (base 16) in base 12?
-4
Convert -4 (base 16) to base 8.
-4
Convert 215 (base 10) to base 2.
11010111
Convert -64 (base 9) to base 16.
-3a
3 (base 14) to base 15
3
-4 (base 5) to base 6
-4
What is 1111 (base 2) in base 4?
33
What is -12 (base 4) in base 13?
-6
What is -6 (base 10) in base 9?
-6
What is 2213 (base 5) in base 14?
180
112 (base 5) to base 13
26
What is 12 (base 5) in base 10?
7
What is -1110101 (base 2) in base 16?
-75
What is 6 (base 13) in base 9?
6
-123 (base 7) to base 8
-102
-136 (base 7) to base 4
-1030
What is -12 (base 3) in base 16?
-5
-3 (base 7) to base 4
-3
-23 (base 5) to base 8
-15
Convert 54 (base 6) to base 10.
34
What is -83 (base 13) in base 12?
-8b
222 (base 6) to base 15
5b
-13 (base 13) to base 2
-10000
Convert -c (base 14) to base 16.
-c
244 (base 5) to base 11
68
What is -17 (base 10) in base 9?
-18
What is -5 (base 15) in base 9?
-5
Convert -22 (base 9) to base 3.
-202
-3 (base 7) to base 9
-3
What is -15 (base 11) in base 9?
-17
What is -53 (base 12) in base 13?
-4b
What is 12 (base 3) in base 10?
5
-11011 (base 2) to base 12
-23
What is -1133 (base 4) in base 13?
-74
-4 (base 5) to base 10
-4
102111 (base 3) to base 14
182
Convert 44 (base 16) to base 2.
1000100
Convert -9a (base 12) to base 6.
-314
Convert 13 (base 4) to base 5.
12
35 (base 13) to base 8
54
What is 333 (base 5) in base 10?
93
10 (base 14) to base 10
14
What is -52 (base 13) in base 5?
-232
Convert 52 (base 15) to base 4.
1031
What is 111 (base 5) in base 13?
25
-1 (base 7) to base 16
-1
Convert 357 (base 8) to base 4.
3233
Convert 0 (base 7) to base 12.
0
3 (base 13) to base 7
3
-6 (base 7) to base 14
-6
Convert -14a (base 12) to base 16.
-ca
Convert -15 (base 15) to base 2.
-10100
Convert -2 (base 16) to base 3.
-2
What is 53 (base 7) in base 2?
100110
Convert -2 (base 8) to base 7.
-2
Convert -24 (base 9) to base 6.
-34
2 (base 11) to base 6
2
What is -206 (base 8) in base 15?
-8e
What is 0 (base 3) in base 7?
0
What is -3 (base 10) in base 9?
-3
-110 (base 4) to base 2
-10100
What is -16 (base 9) in base 11?
-14
Convert 19 (base 13) to base 2.
10110
-26 (base 10) to base 14
-1c
Convert -11 (base 2) to base 3.
-10
3 (base 14) to base 2
11
-16 (base 11) to base 12
-15
What is -31 (base 4) in base 14?
-d
Convert -6 (base 7) to base 13.
-6
What is a (base 16) in base 11?
a
What is -7 (base 11) in base 15?
-7
What is 14 (base 9) in base 13?
10
What is 16 (base 10) in base 5?
31
Convert 236 (base 8) to base 2.
10011110
Convert 4 (base 14) to base 7.
4
Convert 210 (base 10) to base 4.
3102
Convert 37 (base 10) to base 12.
31
Convert 76 (base 12) to base 3.
10100
What is 10 (base 5) in base 16?
5
-10000100 (base 2) to base 16
-84
What is 52 (base 16) in base 3?
10001
What is -4 (base 12) in base 11?
-4
Convert -100010 (base 2) to base 13.
-28
Convert 2 (base 4) to base 15.
2
What is -61 (base 9) in base 12?
-47
What is 6 (base 9) in base 13?
6
3 (base 12) to base 3
10
What is 4 (base 9) in base 16?
4
Wha